e the prime factors of q?
17, 61
Let w = 8593 - 3812. What are the prime factors of w?
7, 683
Suppose 0 = -s - 5*d + 5858, 9*s - 2*d = 4*s + 29290. List the prime factors of s.
2, 29, 101
Let p be -7*12/(-140)*(4 - -1). Suppose 0 = 5*k + 3*s - 10, s + 2 = k - p*s. What are the prime factors of 22333/161 - k/(-7)?
139
Let w = -270 + -553. Let j = w - -1388. What are the prime factors of j?
5, 113
Let i(t) be the third derivative of 0*t**5 + 0*t + 0 - 1/120*t**6 + 0*t**4 + 19*t**2 + 47/6*t**3. List the prime factors of i(0).
47
Let s(l) = l**3 - 6*l**2 + 6. Let m be s(6). Let j(r) = -4*r**3 - 3*r**3 - 4*r + m*r**3 + 2 - 5. List the prime factors of j(-3).
2, 3
Suppose -5*o - 6 = -8*o. Suppose -5*n = -p + 4*p + 29, -o*n + 4*p = -4. List the prime factors of 0 - n - (-31 + 3).
2
List the prime factors of 1323704/56 - (6/69 - (-1482)/3059).
3, 7879
Suppose 4*y + t - 3468 - 28882 = 0, 4*t - 16154 = -2*y. What are the prime factors of y?
8089
Suppose -3*x = 3*o + 18, -o + 5*x = 3*x + 15. List the prime factors of ((-6)/6)/3 + (-1416)/o.
157
Let u(f) = 5*f**2 + f + 71. Let i be ((-11)/5)/((-5)/25). What are the prime factors of u(i)?
3, 229
Let y(n) = -n**3 - 5*n**2 - 8*n - 4. Let p be y(-3). Suppose -10 - p = -4*l. Suppose l*o - 120 = -o. What are the prime factors of o?
2, 3, 5
Let i = 6334 - -9382. List the prime factors of i.
2, 3929
Let c(x) = x**2 - 23*x + 180. Let s be c(0). Let b(i) = -38*i**2. Let y be b(1). Let u = y + s. What are the prime factors of u?
2, 71
Suppose 0 = 110*r - 2*r - 4*r - 765960. What are the prime factors of r?
3, 5, 491
Suppose 25*i + 41053 = 5*a + 28*i, 0 = -4*a + 2*i + 32816. List the prime factors of a.
29, 283
Let s(c) = -15*c - 135. Let v be s(-13). List the prime factors of 17188/v*5 - (-4)/6.
1433
Let t = 293 + -19. Suppose -2*y - 2*j - t = 0, 0*y - y - 125 = -3*j. Let n = 13 - y. List the prime factors of n.
3, 7
Let m be 171/(4/(-84) + (-8)/28). List the prime factors of (-6234)/(-19) - (-54)/m.
2, 41
Let u(p) = -2*p + 39. Let n(w) = -5*w + 5. Let b be n(5). Let l be u(b). Let g = l - 46. List the prime factors of g.
3, 11
Let k(f) = -3*f - 31. Let q be k(-7). Let d be 6/q - (-494)/65. Suppose -3*l + 1410 = d*l. What are the prime factors of l?
3, 47
Let k(p) = -30*p + 36. Let b(f) = f**3 + 6*f**2 + 6*f + 27. Let u be b(-6). List the prime factors of k(u).
2, 3, 17
Let h(a) = 48*a**3 - 16*a**2 - 31*a + 51. List the prime factors of h(5).
2, 3, 229
List the prime factors of (10521/(-14))/((-27)/54).
3, 167
Let p = 15659 + 1715. Suppose 6*d + p = 20*d. List the prime factors of d.
17, 73
Let t(i) = -216*i - 951. List the prime factors of t(-30).
3, 19, 97
Let z(j) = 361*j - 1045. List the prime factors of z(12).
19, 173
Let f be (1/(-4))/(-2*14/2352). Suppose -27 = -2*q - q. What are the prime factors of 18/(-42) + q/f*365?
2, 3, 13
Let s be ((-18)/10)/((0 - -1)/(-10)). Let y(w) = -9 - 3 - s - 10*w. What are the prime factors of y(-12)?
2, 3, 5
Let h = 17356 - -31963. What are the prime factors of h?
149, 331
Suppose -249 + 1514 = 3*p + 4*d, 869 = 2*p - d. List the prime factors of p.
431
Let w be ((-696)/406)/((-1)/(-7)). Let k(r) = r**2 - 3*r + 64. List the prime factors of k(w).
2, 61
Let a be (-88)/16*(-24)/22. Suppose 2268 = -3*t + a*t. What are the prime factors of t?
2, 3, 7
Suppose 0 = -4*t + 17 + 99. Suppose -37974 = -t*y + 4801. What are the prime factors of y?
5, 59
Let s be (-1 + -1)*-2*(-3)/(-4). Suppose -236 - 94 = -s*k. Suppose 2*g - 2*i - k = 0, -4*g + g + 195 = 3*i. What are the prime factors of g?
2, 3, 5
Let c(o) be the third derivative of 0*o + 1/12*o**4 - 3/2*o**3 + 3/10*o**5 + 0 - 16*o**2. List the prime factors of c(2).
67
Suppose -21500 - 23411 = -3*m + 60539. What are the prime factors of m?
2, 5, 19, 37
Suppose -7 = p - 8*p. Suppose p = -12*b + 25. Suppose 3*o - 300 = d, -294 = -3*o + d - b*d. List the prime factors of o.
3, 11
Let f = 1168 + 380. Let n be (-2)/(186/f - 3/18). Suppose -s = -3*t - n, 2*t = -t - 9. List the prime factors of s.
2, 17
Let z be 2/(-20) + 62/20. Suppose -f + 713 = v, -8*f - z*v + 3559 = -3*f. What are the prime factors of f?
2, 5, 71
Suppose -22*q = -355705 + 131415. What are the prime factors of q?
5, 2039
Suppose 0 = 9762*n - 9787*n + 1041475. List the prime factors of n.
41659
Suppose -p - 2*p = 5*k - 6, 0 = 2*p - 5*k - 4. Suppose 0 = p*b - 8 + 4. Suppose -b*t + 169 = 11. List the prime factors of t.
79
Let v(o) = -2*o**2 + 37*o - 20 + 20 + 33. What are the prime factors of v(19)?
2, 7
Let d = 301 + -29. Let y = d + -106. Suppose 0 = 2*v + 2*z - y, 270 = 5*v - 4*z - 190. What are the prime factors of v?
2, 11
What are the prime factors of 18848 + 55*7/35?
18859
Suppose -2*p - 2*q = -370, -5*p + 845 = -q - 56. Let n = p - 3. Suppose 28*u + n = 29*u. List the prime factors of u.
2, 89
Let i(h) = 324*h**2 - 10 - 7*h - 322*h**2 + 2*h. Let y be i(-9). Let k = -72 + y. What are the prime factors of k?
5
Suppose -5*j - 6146 = -a, 14*a - 16*a = 3*j - 12305. List the prime factors of a.
6151
Suppose -100 = 2*z - 108. What are the prime factors of 0 - (z + -5 + -364)?
5, 73
Suppose 13*r - 100207 = 92921. What are the prime factors of r?
2, 3, 619
Suppose 107*v - 97*v = 84300. Suppose -20*p = -30*p + v. What are the prime factors of p?
3, 281
Let f(q) = 7*q**2 - 11*q + 10. Let k be -1 + (18/117 - 204/(-26)). Let n be f(k). Suppose -56 = 5*w - n. List the prime factors of w.
2, 11
Suppose 0 = -3*r + b - 53, -11 = -5*b - 1. Let o = r + 28. Let p(t) = t**3 - 10*t**2 - 2*t + 8. List the prime factors of p(o).
107
Let c = -353 - -238. Let i = 14 - c. What are the prime factors of i?
3, 43
Suppose -l + 3*q + 11 = 0, -2*q - q = -3*l + 21. Suppose -4*d - l = -21. Suppose 8*j = d*j + 1124. List the prime factors of j.
281
Let g = 441 + 28. What are the prime factors of g + 3 - ((4 - 9) + 10)?
467
Let j(f) = 11*f**2 + 98*f + 1644. What are the prime factors of j(-17)?
7, 11, 41
Suppose -2*t - 3*t = -1800. Suppose -3 = 4*s + 5, 5*g = -5*s + t. List the prime factors of g.
2, 37
Suppose -20 = -30*f + 28*f + 4*o, -5*f + 28 = o. Let c(w) = -5*w**2 + 29*w + 8. What are the prime factors of c(f)?
2
Let w(q) = 10*q - 33. Let m be w(6). Suppose m*k - 4197 = -471. What are the prime factors of k?
2, 3, 23
Let c(l) = 18*l**2 - 24*l + 17. Let n(o) = -6*o**2 + 8*o - 6. Let j(x) = 6*c(x) + 17*n(x). Let u = 12 - 7. List the prime factors of j(u).
2, 5, 11
Suppose 2*a + 0*l - 8 = -5*l, -2*a + 4*l - 28 = 0. What are the prime factors of (296/3)/((-10)/a + -1)?
2, 37
Let b = 82049 - 48805. List the prime factors of b.
2, 8311
Let x(p) = p + 2. Let w be x(-2). Let c(l) = l**3 + l**2 - 27. Let f be c(w). List the prime factors of (-6)/f - (-52)/9.
2, 3
Let v(g) = -6*g - 24. Let x be v(-6). Let y(a) = -a**3 + 9*a**2 + 10*a + 19. Let l be y(x). Let i = l + 550. What are the prime factors of i?
257
Suppose 5*o + 6 = 11. Let u be o/(((-4)/10)/(8/(-5))). Suppose 78 - 254 = -u*c. List the prime factors of c.
2, 11
What are the prime factors of 13 - 1386/108 - (-234250)/12?
3, 241
Let a(s) = -31*s**2 - 23*s + 11. Let p(f) = -8*f**2 - 6*f + 3. Let u(i) = 2*a(i) - 9*p(i). List the prime factors of u(-5).
5, 41
Let i(h) = 26*h**3 + 677*h**2 - 58*h - 31. List the prime factors of i(-25).
2, 3, 3049
Let u = 7201 - 2184. What are the prime factors of u?
29, 173
Let f(q) = q**3 - q. Let s be f(1). Suppose s = -6*k + 4*k + 344. Let y = -30 + k. List the prime factors of y.
2, 71
Suppose 5*g - 12339 = 896. What are the prime factors of g?
2647
Let a(o) = -o + 13. Let s be a(6). Let h(f) = f**2 + 3*f - 28. What are the prime factors of h(s)?
2, 3, 7
Let r(a) = a**2 - 7*a - 60. Let x be r(12). Suppose 181*w - 168*w - 7969 = x. What are the prime factors of w?
613
Let z(x) = 2946*x**2 - 4*x + 2. List the prime factors of z(1).
2, 23
Suppose 0 = 24*w + 649*w + 280*w - 41251558. What are the prime factors of w?
2, 23, 941
List the prime factors of -53*(-2 + 154/(-7)).
2, 3, 53
Let y(h) = 10*h**2 - 4*h + 5. Let p be y(1). Let m(w) = w**3 - 10*w**2 + 3*w - 78. What are the prime factors of m(p)?
2, 19
Suppose -2608 = 18*t - 862. Let l = t + 300. What are the prime factors of l?
7, 29
Let m(z) = z**2 - 13*z + 21. Let y be m(12). Suppose -3*x + 0*x = y. Let u(v) = 12*v**2 + 7*v + 2. What are the prime factors of u(x